6*o**2 - 5*o + 1. Let q(n) = -5*d(n) + 4*i(n). Determine q(-2).
5
Suppose 0 = -4*f - 6 - 18. Let s = 9 + f. Suppose -s*g - 5 = -2*g. Let w(n) = -n**3 - 4*n**2 + 3*n - 7. Calculate w(g).
3
Let t = 5 + -4. Let x be t + 0 - (-5 + 5). Suppose -5*w - 9 = x. Let a(n) = n**3 - 4*n - 3. Calculate a(w).
-3
Let y(d) = -d**2 - 8*d - 9. Suppose -f + 1 = 8. Let z be y(f). Let t(k) = 3*k**2 + k + 2. Give t(z).
12
Let i = -1 - -3. Let c be -1*(i + 1 + -6). Let h(r) be the second derivative of -r**4/12 + 2*r**3/3 + r**2/2 + 3*r. Calculate h(c).
4
Suppose 3*a + 13 = 4. Let z(n) be the third derivative of -n**4/12 - n**3/6 + 10*n**2. Calculate z(a).
5
Suppose 25*d = 30*d. Suppose -4*o = -2*o. Let r(q) = q**2 + o + 0 + q. Determine r(d).
0
Suppose -2*y = 5 - 11. Let r(m) = y*m - 4*m + 1 + 2*m**2 - 3*m**2. Let p be 5/(10/(-4)) + 2. Give r(p).
1
Let y(a) = a. Let w be y(6). Let d(t) = t**3 - 7*t**2 + 4*t + 8. What is d(w)?
-4
Let o be (-1)/(-1) + 6 + -3. Let x = 1 + o. Let k(z) = -x + 5*z - 8*z + 3. Determine k(-4).
10
Let r(d) be the third derivative of -d**4/24 + 5*d**3/6 + 4*d**2. Calculate r(-5).
10
Let a(b) = -2*b**3 - 3*b**2 + b + 2. Let c be a(-2). Let u(d) = -d**2 + 3*d - 5. Give u(c).
-9
Let l(f) = -f + 2. Let d be l(3). Let m(n) = n + 2. Let u(i) = -i**3 + 7*i**2 - i + 4. Let y be u(7). Let a(s) = -1. Let z(j) = y*a(j) - 2*m(j). What is z(d)?
1
Let p = 77 + -79. Let v(b) = -b**3 + 2*b - 1. Give v(p).
3
Let u(l) = 2*l**2 - 3*l - 2. Suppose 0 = -5*p + 4*s - 12 - 28, -4*p - s = 32. Let f = p + 5. Let c be (-1 - 0/(-1))*f. Calculate u(c).
7
Let r(c) = -c**3 - 7*c**2 - 8*c - 6. Let g = 20 - 17. Suppose -5*q = -15, g*s = s - 4*q. Calculate r(s).
6
Let l(c) = c**3 + 6*c**2 + 6*c + 2. Suppose -3 = -3*h - 18. Give l(h).
-3
Let t(o) = -7*o + 14*o + 0 + 4. Let a(b) = b + 1. Let g(c) = 5*a(c) - t(c). Suppose -17 = -3*u - 5. Calculate g(u).
-7
Let w(s) = -s**3 + 7*s**2 - 15*s + 5. Let q be w(4). Let t(z) = z**3 + 7*z**2 - 5. Determine t(q).
-5
Let k(m) = -1 + 3 - m + 6 - 3. Let l(i) = -4*i + 16. Let b(q) = 16*k(q) - 5*l(q). What is b(1)?
4
Let m(u) = 3*u - 9. Let y(i) = -8*i - 10 + 13 + 23. Let b(t) = 11*m(t) + 4*y(t). Give b(-6).
-1
Let l = -22 - -14. Let c(j) = -j**3 - 8*j**2 - 2*j - 9. Let z be c(l). Let x(w) = z*w - 2*w + 1 - 3*w. Give x(-2).
-3
Let m(b) = -2*b + 3. Let h(w) = 4*w + 2. Let r be h(-1). Let x be ((-14)/r - 3) + 2. Give m(x).
-9
Let w(o) = -2*o + 10. Suppose 2*x + 4*u = 34, -3*x + 0*x - 4 = -5*u. Calculate w(x).
-4
Let o(r) = -3*r - 3. Let v(g) = -7*g - 7. Let d(l) = 10*o(l) - 4*v(l). Give d(-3).
4
Let h(j) = -j**2 - 2*j - 8 + 2*j - 10*j. Give h(-6).
16
Let g(o) = 5*o**3 - 3*o**2 + 3*o - 1. Let w be g(1). Let b(z) be the third derivative of -2*z**2 - 1/2*z**3 - 1/8*z**w + 0 + 0*z. Determine b(-3).
6
Let v(d) be the first derivative of 4/3*d**3 + 1/4*d**4 - 1 + d + d**2. Determine v(-3).
4
Let l = 0 - 1. Let v be l/(-4) - (-77)/28. Suppose 0 = -0*j - v*j + 6. Let s(z) = z**2 - 2*z. Calculate s(j).
0
Let t = 3 + 3. Let i(x) = x + 3. Let y(g) = g + 4. Let u(b) = t*y(b) - 7*i(b). Determine u(6).
-3
Let b(y) = 1. Let m(w) = 2*w - 4. Let o(r) = 3*b(r) + m(r). Let n(p) = p**2 + 7*p + 3. Let a be n(-7). Give o(a).
5
Let z(s) = 4*s**2 - 3*s**2 - 3 + 0*s + 2*s. Calculate z(2).
5
Let a(n) = -4*n - n**3 - 2*n**2 + 2*n - 2 - 2*n**2. Suppose 19 - 14 = 5*l. Suppose v = -l - 3. What is a(v)?
6
Let v(o) = -1. Let h(n) = n - 4. Let c(u) = 2*h(u) - 7*v(u). Determine c(-5).
-11
Let t be ((2 - 0)/2)/(-1). Let c(s) = s**2 - 3*s + 4. Let b(a) = -a**2 + 4*a - 5. Let k(u) = 3*b(u) + 4*c(u). Determine k(t).
2
Let s(i) = 3*i**3 + 6*i**2 + 5*i - 12. Let r(k) = -k**3 + k + 1. Let h(d) = -4*r(d) - s(d). What is h(7)?
-6
Let o(d) = -d**3 - 2*d**2 + 2*d - 3. Let x(y) = 7*y**2 - 3*y - 5. Let v(n) = 11*n**2 - 4*n - 8. Let i(b) = -5*v(b) + 8*x(b). Let h be i(3). What is o(h)?
0
Suppose 2*v = 2, -f = 3*v - 1 - 1. Let q(r) = 1 + 3*r + 5*r**2 - r - r. What is q(f)?
5
Suppose 4*f - 13 = -w, 3*f + 5*w + 0 = 14. Let s(y) = -5*y + 2*y + y + f*y. What is s(4)?
4
Suppose 4*m - 20 - 20 = 2*h, 3*m + h - 25 = 0. Suppose 2*a = u + m, u = -3*u + 4*a - 20. Let i(v) = 7*v**3 + v. Give i(u).
-8
Let s(n) = 2*n - 1. Let h(i) = i**2 + i - 1. Let m be h(2). Let y be (m/(-3))/(2/(-6)). Let a be 6/15 + 8/y. Calculate s(a).
3
Let d be 8/(1 + -2 + 3). Let c = d - 2. Let t(w) = -w + 7 - 2 - c. What is t(0)?
3
Let g(w) = -w + 0*w - 3*w - 5 + w**2. Suppose -3*d = -6*d + 21. Let o(m) = m**2 - 6*m - 2. Let r be o(d). What is g(r)?
0
Let b = 6 - 4. Let n be (-2 + (1 - -5))*1. Suppose 6 = -b*m - n. Let w(o) = o**3 + 4*o**2 - 6*o + 4. Determine w(m).
9
Let a(g) = -g. Let u(x) = -7*x + 1. Let s(t) = -3*a(t) + u(t). Let y be s(1). Let o(z) = -z**3 - 2*z**2 + 3*z - 1. Let n be o(y). Let p(d) = -d. Determine p(n).
1
Let t(g) be the third derivative of -g**6/120 - 2*g**5/15 - 7*g**4/24 - 5*g**3/3 + 28*g**2 + g. Determine t(-7).
-10
Let b(p) = -p. Let i(t) = 9*t - 1. Let h = -1 - -2. Let y(n) = h*i(n) + 4*b(n). Let l = -3 + 4. Determine y(l).
4
Let q(f) be the third derivative of 0*f + 3*f**2 + 0 + 1/12*f**4 + 1/2*f**3. Determine q(6).
15
Let g(j) = 5*j**2 - 3*j - 1. Let x(u) = 25*u**2 - 16*u - 5. Let i(d) = 11*g(d) - 2*x(d). Calculate i(-1).
5
Let a(y) be the third derivative of -y**6/120 + y**4/24 - y**3/6 + y**2. Suppose -3*t + 5 = -13. Suppose r = -v, v + t = -v + r. Calculate a(v).
5
Let z = 1 + 2. Let t be 1/(-3) + 50/15. Let p(m) = -m + 6*m + 1 - 3*m**3 + 4*m**t - 4*m**2 - 3*m. Determine p(z).
-2
Let f = -35 - -20. Let t be (-6)/f - (-7)/(-5). Let y(x) = -6*x - x**2 + 4*x**2 - 1 + 4*x. What is y(t)?
4
Let h(p) be the second derivative of -p**3/2 + 2*p**2 + p. Suppose 5*t + 0*t = -50. Let c(o) = o + 14. Let g be c(t). What is h(g)?
-8
Let b be 13 + (4 - 0) + -6. Let n(m) = -m**3 + 12*m**2 - 12*m + 15. Calculate n(b).
4
Let g(v) = v**3 + 18*v**2 + 16*v - 14. Let p be g(-17). Suppose 8 = -6*k + 2*k. Let x be p/3*(k - -2). Let f(l) = l**3 + l**2 - l - 7. Determine f(x).
-7
Let u(x) = -7*x + 1. Let l(o) = 8*o. Let n(i) = -3*l(i) - 4*u(i). What is n(3)?
8
Let b(i) = 5*i + 1. Let s(d) = -21*d - 5. Let n(r) = 9*b(r) + 2*s(r). Let l = 2 + -2. Let a = 1 + l. Calculate n(a).
2
Let x(b) = -6*b - 45. Let d(a) = a + 9. Let h(q) = -11*d(q) - 2*x(q). What is h(7)?
-2
Let n(r) = -7*r + 1 + 4*r**2 + 9 + 3*r**2 - 6*r**2. Determine n(7).
10
Let f(c) = 3*c + 5. Let t = -19 - -20. Suppose t = -5*n + 6, -3*z + 3*n = 21. Determine f(z).
-13
Let p(d) = d**2 + 5*d + 1. Let q = 8 + -14. Give p(q).
7
Let s(c) = -6*c - 3. Let z be (3/(-4))/((-3)/(-36)). Let h(i) = i**2 + 8*i - 11. Let f be h(z). What is s(f)?
9
Let i = -49 - -42. Let d(w) = -3*w - 10. Calculate d(i).
11
Let w(l) = -l**2 - l - 6. Let j be (6/5)/((-4)/(-20)). Let t be 2/9 + j/(-27). Determine w(t).
-6
Suppose -2*x + 2 = 0, -4*x - 3 + 4 = -3*k. Let z(v) = -v**2 + v. Let y(t) = -t**2 + 7*t + 1. Let h(d) = k*y(d) - 2*z(d). Give h(-6).
7
Let g(y) be the first derivative of -3*y**3 + 2 - y**3 - y + 5*y**3. Let h be ((-4)/(-6))/((-6)/(-9)). Calculate g(h).
2
Let o(p) = -2*p + 1. Let i = -5 + 7. Suppose z + i*z = -6. Give o(z).
5
Let g(q) = q**3 - 5*q**2 + 4*q - 3. Let v be (-15)/2*4/6. Let y = v + 9. Give g(y).
-3
Suppose 2*t = 8*t - 36. Let s(b) = -b + 4. Determine s(t).
-2
Let q(x) be the second derivative of 3*x**8/2240 - x**7/2520 + x**6/360 - x**5/120 + x**4/4 - 3*x. Let r(o) be the third derivative of q(o). What is r(1)?
9
Suppose 0 = -2*f + 6*f - 24. Let o(q) = q - 1. Give o(f).
5
Let f(o) = -49*o**2 + 100*o**2 - 50*o**2 + 2*o. Determine f(-4).
8
Let k(f) be the first derivative of -2 - 1/2*f**2 + 3*f. Let b(q) = q**2 + 1. Let g be b(2). Give k(g).
-2
Let s(y) be the third derivative of -1/180*y**6 + 0 - 1/60*y**5 + y**2 + 0*y + 1/6*y**4 - 1/6*y**3. Let z(h) be the first derivative of s(h). Give z(-3).
-8
Let a(h) = 96 - 33 - h - 30 - 36. Let q be -4 + 2 + (0 - -2). Suppose q = l + 3*l + 20. What is a(l)?
2
Let q(i) be the first derivative of 1/4*i**4 - 6*i + 2*i**3 + 5/2*i**2 + 2. Let a = 8 - 13. Give q(a).
-6
Let s(i) = 10*i**2 - 3*i + 4*i + 2*i - 2*i. Calculate s(1).
11
Suppose 4*w - 5 = 5*w. Let z(o) = 4*o**2 - 3*o - 4 - 3*o**3 + 3*o**3 - 3*o**3. Let x(h) = 8*h**3 - 12*h**2 + 10*h + 12. Let i(t) = 4*x(t) + 11*z(t). Give i(w).
-6
Suppose 9 = -3*r, -2*n + 4*r - 4 = -6*n.